tors of c.
2
Let b be 1 + 0 - -34 - -1. Suppose b = -4*r + 308. Suppose 5*g - 3*f = r, -3*f + f + 50 = 4*g. List the prime factors of g.
13
Let v = 13 + -9. Suppose -v*x = 29 + 11. Let l(b) = -2*b - 12. What are the prime factors of l(x)?
2
Let i(s) = s + 1. Let a = 6 + -9. Let v(z) = -z**2 - 8*z - 8. Let c(x) = a*i(x) - v(x). List the prime factors of c(-5).
5
Let p(j) = -j**3 + 2*j**2 - 2*j + 75. What are the prime factors of p(0)?
3, 5
Suppose -4*h = -2*b + 30, -b + 3 = -0*b. Let a be ((-4)/h)/(3/(-9)). List the prime factors of a/(-5) + 132/20.
7
Let q be (-10)/15 + (-94)/(-6). What are the prime factors of 1/(-2) - q/(-6)?
2
Suppose 172 = 2*s - 474. List the prime factors of s.
17, 19
Let z(b) = 1 - 8*b + 1 + b. Let j be z(-2). List the prime factors of (-2 + -1)/((-12)/j).
2
List the prime factors of 2/(4/(-10))*(-4)/5.
2
Let d be 7/((-7)/20) - 2. Let l be 4/(-22) + d/(-121). Suppose 2*b - 45 + 1 = l. What are the prime factors of b?
2, 11
Let n be (47*6)/(6/4). Let o = n + -12. List the prime factors of o/12 + 2/6.
3, 5
Let v(f) = f**3 + 9*f**2 + 8*f + 6. Let a be v(-7). Let t be (-2)/(a/25 + -2). Suppose t = d - 4*s, 4*d + 7*s = 2*s + 37. What are the prime factors of d?
13
Suppose k + b = 151, k - 160 = -3*b - 7. What are the prime factors of k?
2, 3, 5
Suppose -5*d - 4*s = 60, 5*d - 5*s + 30 = -3*s. List the prime factors of 8 - (-3)/((-12)/d).
2, 5
Suppose 0 = -3*n - n - 2*g + 82, 0 = 4*g - 20. List the prime factors of n.
2, 3
Let g = -13 - -14. Suppose 0 = 5*t - 8 - 7. What are the prime factors of 1/g + (t - 1)?
3
Let o = -51 + 109. Let j = o - 34. Suppose -2*q = -5*q + j. What are the prime factors of q?
2
Suppose 5*r = -2*b + 102, -2 = -r + 3*b + 15. Let t = r + -12. List the prime factors of t.
2
Let p(l) = l**2 + 8*l + 8. Let y be p(-7). Suppose 3*o + 424 = 4*x, -2*x = -y + 11. What are the prime factors of (-3)/(-15) - o/10?
3, 5
Let n be 1 + -5*2 + 1. Let l = 4 + n. Let q = l + 8. What are the prime factors of q?
2
Let l = 66 - -28. List the prime factors of l.
2, 47
Let n(i) = -14*i + 55. List the prime factors of n(-9).
181
Suppose -4 = -2*h + 2*u, -2*h - 5*u = -42 + 10. Suppose h*t - t - 15 = 0. What are the prime factors of t?
3
Let w = -3 + 4. Suppose m + 2 = w, -2*q = m - 7. What are the prime factors of 90/8 - 1/q?
11
Let b(h) = -h**2 + 4*h + 2. Let n be b(4). Suppose -f - 79 = -4*a, -2*f - n*f = -20. What are the prime factors of a?
3, 7
Let c be 10*-1*(-3)/(-3). Let p = 3 - c. What are the prime factors of p?
13
Suppose 7*r - 2*r = 0. Suppose -2*g + r*g = -4. Suppose y + y + 4 = -3*d, -g*d + 3*y + 19 = 0. What are the prime factors of d?
2
Suppose 3*z = 4*y - 11 + 2, -2*y - z - 3 = 0. Suppose -2*c + y*u + 3*u + 47 = 0, 3*c = -5*u + 23. What are the prime factors of c?
2
Let n(j) be the second derivative of 5*j**3/6 + 2*j**2 + 3*j. Let t be n(-2). Let p = 10 + t. List the prime factors of p.
2
Let v be (1*-1)/(2 + -3). List the prime factors of (2 - (v + 0))*11.
11
Let p = -27 + 13. Let l(a) = a**2 - a. Let z be l(5). Let k = p + z. List the prime factors of k.
2, 3
Suppose 4*w - 63 = w. What are the prime factors of w?
3, 7
Let n be 10/10*25*9. Suppose 3*w - 5*z - n = 0, z = -3*w + 2*z + 225. Suppose y + w = 6*y. List the prime factors of y.
3, 5
Let o = 4 - -8. What are the prime factors of o?
2, 3
Suppose 0 = 2*n - 647 + 151. List the prime factors of n.
2, 31
Suppose 2*b - 6 = -0. Let u = 17 - 17. Suppose 5*f + 3*k - 1 = u, f = -b*f - 2*k + 2. What are the prime factors of f?
2
Let a(w) = w - 3. Let r be a(7). Let g be (0 - -3)*r/(-12). List the prime factors of 2/(-1) + g + 13.
2, 5
Let t = -27 - -13. List the prime factors of (-7)/t + (-78)/(-4).
2, 5
Let f(y) be the third derivative of -y**6/120 + 2*y**5/15 - 7*y**4/24 + 5*y**3/3 - 2*y**2. List the prime factors of f(7).
2, 5
Let n(t) = t**3 + 4*t**2 - t - 4. Let h be n(-4). Suppose h = -a - 6. List the prime factors of 1/3 + (-64)/a.
11
Suppose -3*x + 1735 = 5*r, 0 = -r - 5*x + 17 + 308. List the prime factors of r.
2, 5, 7
Let i be (-2 - 1)/(2/(-4)). Suppose 0 = i*r - 2*r - 180. What are the prime factors of r?
3, 5
Let c = -251 - -505. What are the prime factors of c?
2, 127
Let m(a) = 13*a**2 + 16*a + 4*a**3 + 2*a**3 + 16 - 5*a**3 - 3*a. Let l be 1 + -11 + -2 + 0. List the prime factors of m(l).
2
Let h = -11 - -22. Suppose -2*b - 17 = -53. Let s = b - h. What are the prime factors of s?
7
Suppose -4*l + 5*q + 133 + 11 = 0, -3*l + 4*q + 108 = 0. List the prime factors of l.
2, 3
Suppose -3*f - 29 = -4*y, 3*f + 20 = -f - 4*y. Let s = 18 + f. What are the prime factors of s*(3 - 2/1)?
11
Suppose 47 + 46 = 3*s. Let h = s + -49. What are the prime factors of (0 + -21)/(h/12)?
2, 7
Let a = -9 + 33. What are the prime factors of a?
2, 3
Let y(q) = q - 1. Let m be y(3). Let w(s) = 3*s**2 + m*s**2 + 2*s**2. What are the prime factors of w(1)?
7
Suppose 0 = -0*i - 9*i + 2340. List the prime factors of i.
2, 5, 13
Suppose -k = -0*k - 27. Let a = 39 - k. List the prime factors of a.
2, 3
Let j = 41 - 3. List the prime factors of j.
2, 19
Suppose 0*n = 2*n + 3*a - 45, -3*n = 4*a - 66. List the prime factors of n.
2, 3
Suppose 2*x + x - 5*k = 28, 4*x - 14 = -5*k. Suppose 0 = -0*y + y - x. List the prime factors of 12/18 + 140/y.
2, 3
What are the prime factors of (-1)/(20/25 + -1)?
5
Let a be 5/(15/(-6)) + 15. Suppose -2*l = -n - a, -3*l - 2*l - n = -15. Suppose 2*j = l*b - 2*b + 30, -2*j - 2*b + 22 = 0. What are the prime factors of j?
13
Let a = 5 - 3. Suppose 0 = -j + 4, 3*i + 5*j = 11 - 0. Let c = a - i. What are the prime factors of c?
5
Suppose 95*m = 93*m + 16. List the prime factors of m.
2
Suppose -2*c - 3 = c. Let p be (c - 7/4)*-12. Suppose p = j + 2*j. List the prime factors of j.
11
Suppose -38*l + 285 = -33*l. Let t = l + -17. What are the prime factors of t?
2, 5
Suppose u = l - 2*u, 3*u + 9 = 4*l. What are the prime factors of 54/l + -5 + 4?
17
Suppose 0 = t + 3*z - 86, -2*t = -0*z - 5*z - 150. List the prime factors of t.
2, 5
List the prime factors of 7/(-21)*-12*4.
2
Let y(i) = -i**3 + 9*i**2 - 3*i + 8. Let l be y(8). Suppose 0 = -t - 3*t + l. What are the prime factors of t?
2, 3
Suppose -1 = -o, 0 = -4*s + 3*s + 5*o + 21. What are the prime factors of s?
2, 13
Let x(j) = -j**3 + 4*j**2 + 6*j - 4. Let q be x(5). Suppose -1 = -g + 4*g - 2*a, 4*a = -3*g - 7. What are the prime factors of g*(6/(-2))/q?
3
Let g(t) = t**2 - 7*t + 4. Let f be g(8). Let h = f + 14. What are the prime factors of h?
2, 13
Suppose -2*n + 5 = -3*n - 4*u, -3*n + 4*u = 15. Let a = n - -8. What are the prime factors of a?
3
Let h(n) = -n**3 + 7*n**2 + 4*n + 9. Suppose 5*l - 5*v = 10, -3*l + 5*v - 60 = -8*l. List the prime factors of h(l).
37
Suppose -4 = -4*t + 8. List the prime factors of t.
3
What are the prime factors of (3 - 1)/(1/((-165)/(-6)))?
5, 11
Let n = 104 + -53. List the prime factors of n.
3, 17
Suppose -2*l = 3*l - 35. Let a(h) = h - 4. Let d be a(l). What are the prime factors of d/4 + (-63)/(-12)?
2, 3
Suppose -z - 2*z + 15 = 0. Let a be (-1)/z + (-207)/15. Let n = a + 29. What are the prime factors of n?
3, 5
Suppose -5*f + 3*v + 137 = -0*f, 2*f - 62 = 3*v. What are the prime factors of f?
5
List the prime factors of (5/2)/((-70)/(-68) - 1).
5, 17
Suppose 2*z + 34 - 292 = 0. List the prime factors of z.
3, 43
Let j be 84 - (-2 + (2 - 2)). Suppose -15 = 5*m, -7*z + 2*m + j = -2*z. What are the prime factors of z/1 - (3 - 2)?
3, 5
Let d(a) = a**3 + 4*a**2 - 4*a + 3. Let z = -10 + 5. Let x be d(z). What are the prime factors of 1 - (-4)/x - -4?
3
Let x be (-2 - (2 - 4))/2. Suppose 2*i = c - 3, 0 = -c - x*c - 4*i + 21. What are the prime factors of (c/4)/(6/16)?
2, 3
Let d = -7 + 13. Let w = 15 + d. What are the prime factors of w?
3, 7
Let m = -7 + 11. What are the prime factors of m?
2
Let f be (-1 - 0)*3*7. Suppose 4*l + 5*c = -169 + 48, 4*l = 4*c - 112. Let b = f - l. What are the prime factors of b?
2
Let x(y) = y**3 - 5*y**2 - 4*y - 7. Let o be x(6). Suppose -t + o*z - 30 = -4*t, 3*z = 5*t - 16. Suppose -t*v = -18 - 7. What are the prime factors of v?
5
Let z(g) = g**3 - 9*g**2 - 4*g + 3. List the prime factors of z(10).
3, 7
Suppose 0 = 2*o - 12 + 2. Let f(q) = q**3 - 10*q**2 + 5. Let t be f(10). Suppose 2*a + 22 = o*g, 2*g + a = -2*a + t. List the prim